 = -4*j + b. Suppose 26*d - j = 21*d. Is 3069/5 - (d/(-15) + 2) a prime number?
False
Suppose -314 = 4*t - 6*d + 4*d, d - 3 = 0. Let n = -73 - t. Is n/8*0 + 1814 a composite number?
True
Suppose 243673394 = 326*z - 48*z. Is z composite?
False
Let v(r) = 3453*r**2 - 21*r + 97. Is v(7) composite?
True
Let a be (6 - 7) + -3 + 4. Suppose 573 = -a*l + l. Is l composite?
True
Let g(o) = -2819*o**3 + 4*o**2 + 3*o + 3. Let m(q) = -q**3 - q**2 - q - 1. Let k(t) = g(t) + 4*m(t). Let v be k(-1). Let d = v + -1472. Is d prime?
False
Suppose 0*x - 4*x - 12524 = 0. Let w = 6178 + x. Is w a prime number?
False
Is 246858 + -1 - (12/8)/((-9)/(-18)) a prime number?
False
Suppose 3*r - 15 = -3. Suppose -3*m + 12313 = r*m. Is m composite?
False
Suppose -5*l - 122 = -42. Let b(m) = 8*m**2 - 13*m + 73. Is b(l) prime?
False
Let h(a) = -a**3 + a**2 - a + 4. Let v be h(0). Let c = v + 1. Suppose -c*d + 414 = -221. Is d a composite number?
False
Let o be (-1)/2 - ((-147)/6)/(-7). Let l be o/(-18) - (-6312)/27. Let y = l - 151. Is y a composite number?
False
Let n(s) = 897*s**2 + 9*s - 27. Let j = 442 + -440. Is n(j) composite?
True
Suppose d = 5*k - 409833, 5*k - 409841 = 13*d - 16*d. Is k a prime number?
True
Suppose 4*b - 92357 = 2*a - 15533, -3*a + 19213 = b. Is b composite?
False
Let x(f) = 2*f**2 - 2*f. Let n be x(2). Suppose 950 + 571 = -2*m + 5*a, a - 3033 = n*m. Is -3 + 2 + (1 - m) composite?
True
Let i(n) = -6247*n + 22. Let a(g) = 12494*g - 48. Let d(f) = 6*a(f) + 13*i(f). Is d(-1) a prime number?
False
Let x = 105380 + -70929. Suppose x = 4*b + 13863. Is b a composite number?
False
Let x(i) = 5*i**2 + 0 - 3 - 502*i + 499*i. Is x(8) a prime number?
True
Suppose 57*j + 38280 = 62*j. Let n = j + -3529. Is n a prime number?
True
Let r(a) = -a**3 + 16*a - 7. Let n be r(5). Let v be 1/(-2) + n/(-8). Let o(q) = q**3 + q**2 - 13*q - 5. Is o(v) a prime number?
False
Is (2 - 10/6)/((-484552)/80760 - -6) a prime number?
False
Is 8981158/407 + (9/(-11))/(-3) a prime number?
True
Is (-37)/((-296)/(-12))*(-42754)/3 a prime number?
True
Suppose -5*p + 37489 = 2*n, 26*p - 23*p + 4*n - 22485 = 0. Is p a prime number?
True
Let l = 881123 + -417544. Is l a composite number?
False
Is 119095*(-4939)/(-1155) - 4/(-84)*2 a composite number?
True
Let o(k) = -578*k**2 + 32*k + 11. Let z(n) = 193*n**2 - 11*n - 3. Let g(m) = -4*o(m) - 11*z(m). Is g(-3) prime?
False
Let j(h) = h**2 + h**2 + 8 + 3*h - 16*h - 3*h**2. Let o be j(-13). Let v(f) = 3*f**3 + f**2 - 9*f + 3. Is v(o) a composite number?
False
Suppose 802*z = 755*z + 852721. Is z prime?
True
Let k(s) = 6*s**2 + 92 - 4*s**2 + s + 1253. Let o = 81 + -81. Is k(o) a prime number?
False
Suppose 3*p = 2*a - 102 - 174, 4*a = p + 92. Let r = p + 89. Is (r/(-9))/(1/3621) composite?
True
Let g(u) be the third derivative of 643*u**5/60 - u**4/24 - 5*u**3/6 + 44*u**2. Is g(3) composite?
False
Suppose -q = 1985 - 7216. Is q a composite number?
False
Let h be (-15)/40 + 246924/32. Suppose 5*r - 2*n - 13919 = -4241, -5*n + h = 4*r. Is r a composite number?
True
Let z be (-4)/14 + (-3838)/14*-2. Let a be (-7)/((-2193)/z + 4). Suppose -5*c - 2*s + a = s, -2*s = 5*c - 3839. Is c composite?
False
Let l = -127 + 126. Is (l + 2)/((-420)/(-419) + -1) composite?
False
Let t(x) = -2*x + 1 + 3047*x**3 - 1 + 4*x**2. Suppose 4*m - s + 2 = 0, 36*m - 14 = 40*m - 3*s. Is t(m) a composite number?
False
Let s(q) be the first derivative of 23*q**2 - 85*q + 76. Is s(9) a composite number?
True
Suppose 4*b = -4*j - 4200, 4*j + j = 4*b - 5223. Let g = j - -2695. Suppose 0 = n - 741 - g. Is n prime?
True
Suppose 0 = -2*g - 3*n - 13, g + 4*n + 7 = 2*n. Let h = g + 6. Let o(a) = 821*a**3 - a**2 + a. Is o(h) a prime number?
True
Suppose 3*w = -5*q + 338305, 4*q + 9*w = 10*w + 270644. Is q a prime number?
False
Let z(v) = 3*v**3 - 9*v**2 + 18*v - 6. Let s(n) = 72*n + 13*n**3 - 22*n**2 - 25 + 9*n**2 - 23*n**2. Let d(c) = 2*s(c) - 9*z(c). Is d(5) a composite number?
True
Let m = -90267 + 150274. Is m a composite number?
True
Suppose -22*o + 25*o - 162743 = -5*q, 4*q = 4*o - 216980. Suppose -o = -14*p + 8*p. Is p prime?
True
Suppose 2*y - 88205 = -3*w, -5*w + 20704 = 3*y - 111604. Is y a prime number?
True
Let i be 1002/4*3*(-2)/9. Suppose -409 - 87 = f. Let u = i - f. Is u prime?
False
Let x(m) = -94*m + 5. Let l be x(1). Let y = l + 141. Suppose -8*r - y = -316. Is r a composite number?
True
Is 1*(3357 + 7) + (4 - -1) a composite number?
True
Suppose -4*s + 4 = 0, 3*x - 101*s + 102*s = 5353. Let o = 204 + 177. Let m = x - o. Is m a prime number?
False
Let u(b) = -2*b + 2. Let x be u(-1). Suppose -x*t + 240 = 2*o, 3*t = 2*o + 249 - 62. Suppose 0 = 5*g + 15 + 10, -t = -2*y - 3*g. Is y composite?
True
Let l(o) = 34*o**2 + 7*o - 22. Suppose 5*q + 4*i - 43 = 0, -32 = -18*q + 14*q - 2*i. Is l(q) a prime number?
True
Let q = 849 + -846. Suppose -j + 2*j - 3781 = -3*p, -q*j = -4*p - 11369. Is j a prime number?
False
Let d(v) = v**3 - 2*v**2 - 9*v + 4. Let s be d(4). Suppose 2*m - 4041 = n, s = -m - 2*n + 159 + 1854. Is m prime?
False
Suppose 17 - 21 = 2*x, -192465 = -5*a - 5*x. Is a a composite number?
True
Suppose 0 = 4*t + 3*l - 872912, 654701 = -43*t + 46*t - 2*l. Is t a composite number?
True
Let y(a) = -4*a**3 + 3*a**2 + 5*a + 9. Suppose 2*x + 20 = 5*r, 5*r = 89*x - 94*x - 85. Is y(x) composite?
True
Let u(h) = 365*h**2 - 218*h - 206. Is u(9) prime?
True
Suppose -3*l + 63 = 6*l. Suppose -8*i + l*i + 2 = 0. Suppose i*g = 1863 + 859. Is g a composite number?
False
Let q(s) be the second derivative of 91*s**3/6 - 25*s**2/2 + 95*s + 1. Is q(12) composite?
True
Let k = -607038 - -1539295. Is k a prime number?
True
Suppose 27*t - 48*t + 5243763 = 0. Is t composite?
False
Is 106866 - 289/119*7 prime?
False
Suppose -1208195 = -101*n + 1390838. Is n composite?
False
Let h = -1697 + 27211. Is h a prime number?
False
Let m = 19292 + -13206. Let g = 9399 - m. Is g a composite number?
False
Let m(c) = -56*c**3 + c**2 + 10*c + 10. Let i be m(-3). Let r = i + -6934. Let n = 8326 + r. Is n a composite number?
True
Let v(s) = -2*s**3 - 19*s**2 - 6*s + 22. Let i be v(-9). Is (2063 - 4) + i + -1 a prime number?
True
Suppose u = 69103 + 34764. Is u composite?
False
Is -3 - -5 - (117016/(-4) + -13) composite?
False
Let b(a) = a**3 + 14*a**2 + 15*a + 26. Let n = 38 - 51. Let w be b(n). Suppose 4*v + w*v - 2391 = -5*m, -2*v + 956 = 2*m. Is m prime?
True
Let o = -79 + 82. Suppose -t = -4*r - o*t + 12904, 3*r + 2*t = 9676. Suppose -5*m = y - 0*m - 807, 4*y - r = 3*m. Is y a prime number?
False
Let c = 313270 - 196631. Is c a composite number?
False
Let r(s) = 94644*s - 3505. Is r(16) prime?
True
Is 342/(-76)*9/((-54)/408172) a composite number?
True
Let w = 28640 + 10417. Let m = -3364 + w. Is m a composite number?
True
Suppose k - 161866 = 4*h, -66*h + 323672 = 2*k - 62*h. Is k prime?
False
Suppose 5*y - 179837 = -4*a, -2*a - 2*y + 87091 = -2825. Is a prime?
True
Let o(s) = 187*s + 51. Suppose -29*u = -21*u - 32. Is o(u) composite?
True
Is (3 - 2900)/(12 + -13) composite?
False
Suppose -5*l + 60 = l. Let q(z) = 2*z**3 + 8*z**2 - 22*z - 1. Is q(l) a composite number?
False
Let o = -197383 - -129814. Is 2*((-8)/(-36) - o/54) composite?
False
Let p(r) = r**3 - 36*r**2 + 148*r - 366. Is p(49) prime?
False
Suppose -4*y + 11 = m + 2, 4*m = -y + 21. Is -3*94130/(-30)*1/y prime?
True
Suppose 13717609 = 247*r - 74*r - 9092614. Is r a composite number?
True
Suppose -r + 631917 = 2*q, 5*q - 523*r - 1579785 = -527*r. Is q a composite number?
False
Suppose -19*l = -14*l + 45. Let w be ((-28)/42)/(4/18). Is (w + 5 - 1)/(l/(-1989)) a prime number?
False
Let g = 27 + -28. Is 44 + -39 + (-1)/(g/1272) composite?
False
Suppose -4*v + 240 = -3*d + 7*d, 3*d = v + 192. Let j = -60 + d. Suppose -5*a = -2*w - 7795, j*a + w + 3118 = 5*a. Is a a prime number?
True
Let u(l) = 195*l + 4. Let c be u(3). Suppose 2*q - c = q. Suppose q = 2*w - 673. Is w a composite number?
False
Let w(k) be the third derivative of -7*k**6/120 - k**5/12 - 3*k**4/8 - 25*k**3/6 + 10*k**2. Let y be w(-4). Suppose -3*a - y = -1924. Is a composite?
True
Let f be 2/4*(4 - 0) + -2. Suppose 2342 = 4*c - 2*p, 2*c + p = -f*p + 1169. Let d = -320 + c. Is d a prime number?
False
Is 24131/2 + -9 + 6/(-4) prime?
False
Let n be (-16)/(-9) + -2 + (-114)/(